 (-4)/6. Calculate the greatest common factor of 14 and f.
7
Let a = 60 + -30. Suppose -4*q = -5*t - 38 + 5, 2*t = -5*q. Let w = 25 + t. Calculate the highest common divisor of a and w.
10
Suppose 4*m - 46 = -5*k, -5 = m - 5*k - 29. Calculate the highest common factor of m and 42.
14
Let s be ((-16)/12*6)/((-6)/27). What is the greatest common factor of s and 9?
9
Suppose 0*a - 24 = -4*a. Suppose -z = -18 + a. Suppose -i + z = 2*s + i, -2*s + 12 = 4*i. What is the greatest common divisor of s and 54?
6
Suppose -b + 44 = 3*y, 3*b - 198 = 5*y - 38. Suppose 2 - b = -2*t. Let w = -12 + t. What is the highest common divisor of w and 36?
12
Let q(t) = 90*t**3 - t + 1. Let b be q(1). Calculate the highest common divisor of b and 18.
18
Let t = 166 + -138. Suppose -5*c + 76 = 6. Calculate the highest common divisor of t and c.
14
Let a be 1/(0 - 1)*-1. Let k be a/(-4) + (-365)/(-20). What is the greatest common factor of 72 and k?
18
Suppose 12 = 3*c - 36. Calculate the highest common divisor of 72 and c.
8
Suppose -5*m + 8 + 2 = 3*v, 5*m - 10 = 4*v. Let a be m + -2 - 4*-9. Calculate the greatest common factor of a and 24.
12
Let d(j) = 7*j + 5. Let p(i) = 14*i + 9. Let x(n) = -15*d(n) + 6*p(n). Let v be x(-6). Let g = 36 - -6. What is the highest common divisor of v and g?
21
Let p be (-42)/(-8) - (-12)/16. Let h(q) = -2*q + 6*q + p*q**2 + q**3 - q**2. Let l be h(-3). What is the highest common divisor of 6 and l?
6
Let n = -347 - -246. Let f be n/(-4) + (-4)/16. What is the greatest common divisor of f and 10?
5
Suppose 0*l = 6*l - 54. What is the greatest common divisor of l and 9?
9
Let t(f) = 7*f**2 - 2. Let w = 4 - 7. Let c(o) = -7*o**2 - o + 2. Let m(i) = w*t(i) - 4*c(i). Let x be m(4). What is the highest common divisor of x and 14?
14
Let p be (-20)/(-30)*45/2. What is the highest common factor of 10 and p?
5
Suppose -2*t + 3*t + 5*n - 5 = 0, 3*t + 3*n - 3 = 0. Suppose t*p = 4*p - 24. Suppose 0 = -x + p*x - 300. What is the highest common factor of x and 12?
12
Suppose 0 = 4*b + 1 + 7. Let w = -3 - -2. Let u be w/1 + (-58)/b. Calculate the highest common divisor of 4 and u.
4
Let u be 37/3 - (-1)/(-3). Let i be 2 - 2*(-3)/3. Let a be i*(3 + (-3 - -1)). Calculate the highest common factor of u and a.
4
Suppose 2*n = -0*n + 26. Let v be n/5 + 10/25. Let l be (-7 - 2)/((-1)/3). Calculate the greatest common factor of v and l.
3
Let n = -47 - -33. Let u be (-468)/21 + (-4)/n. Let y = u - -40. What is the highest common factor of 9 and y?
9
Suppose -4*j + 4*c = 20, 2*c = -5*j - 2*c + 20. Let l(n) = 45 - n**3 + 0*n**3 - n**2 + j*n**2. Let o be l(0). What is the greatest common divisor of 5 and o?
5
Let d = -37 + 60. Let i be d/5 + (-6)/10. Calculate the highest common divisor of 4 and i.
4
Let j be 20/8*36/10. Let s = 10 + 17. Calculate the highest common divisor of j and s.
9
Suppose -41 + 1 = -4*y. Calculate the greatest common factor of y and 5.
5
Suppose -3*b + 29 = 5. Let z = -60 - -116. What is the highest common divisor of b and z?
8
Suppose -a + 4*s = -284, 797 = 3*a - 3*s + 2*s. Calculate the highest common factor of 33 and a.
33
Let b(r) = -r**2 + r. Let w(f) = -15*f**2 - 1. Let g(y) = 2*b(y) - w(y). Let k be g(-1). Suppose i = 28 + 56. Calculate the greatest common divisor of i and k.
12
Suppose -h + 3 = -8. Let j = h + -6. Suppose -d - 3*q - 6 = 0, -j*d - 3*q + 18 = -0*q. What is the greatest common divisor of d and 30?
6
Let o(p) = p. Let j be o(4). Let d(g) = 5 + 10*g + 7*g - j. Let q be d(1). Calculate the highest common factor of q and 54.
18
Let x be (6/(-12))/(2/(-12)). Suppose -x = -2*s + 1. Let i be (-2)/(-5) + 68/5. What is the highest common factor of i and s?
2
Let c = -142 - -177. Calculate the highest common divisor of c and 14.
7
Let i = -14 + 15. Let g = -79 + 112. Let j = g + -22. What is the highest common factor of i and j?
1
Suppose 24 = c + 7. What is the highest common divisor of 85 and c?
17
Let w = 72 - 51. Calculate the greatest common divisor of w and 21.
21
Let a(l) = l**2 - 3*l + 16. Let i be a(9). What is the greatest common divisor of i and 10?
10
Suppose 2*f = 4*a - 5*a - 1, -a + 3*f + 9 = 0. Suppose a*b - 6*b = -i + 3, -34 = -3*i + 4*b. Let k = -12 - -24. What is the greatest common divisor of k and i?
6
Let g be -7*(-2)/14 + 156 + -3. Let x(p) = -2*p**2 - 1. Let z be x(1). Let d be (4/z)/((-4)/42). Calculate the greatest common factor of d and g.
14
Let b = -14 - -16. Suppose 26 = 3*x - b*k - 6, 4*x - 41 = 3*k. Calculate the greatest common divisor of 2 and x.
2
Let m(l) = 4*l - 6. Let h be m(3). Let z(g) = 19*g - 4. Let d be z(h). Calculate the greatest common divisor of d and 10.
10
Let w = -94 - -156. Suppose 2*f + 4*s - 18 = 0, 5*f = 5*s + 13 + w. Suppose 2 = -2*c, -2*t + 3*c = 3*t - 523. What is the greatest common factor of t and f?
13
Let l(n) = -n + 2. Let c be l(-2). Suppose -c = -5*i + 4*i. What is the highest common divisor of 1 and i?
1
Let a(k) = 4*k**3 + 2*k**2 - 3*k. Let q be a(4). Let o = q - 166. Suppose 0 = -14*u - 14 + 154. Calculate the greatest common divisor of o and u.
10
Let d(k) = -11*k + 3. Let n be d(-3). Suppose -6 = -p - 3*i, -p - i = 2*p - 34. What is the highest common factor of n and p?
12
Suppose 3*y + 11 = 71. Calculate the greatest common factor of 5 and y.
5
Suppose -5*g = 4 + 1. Let u be (1*(1 + g))/(-3). Suppose 4*q + 2*o - 13 + 3 = u, o + 1 = 0. What is the greatest common factor of q and 1?
1
Let i be (-75)/(-9)*12/10. Calculate the highest common factor of 45 and i.
5
Let g(l) = -l**3 - 12*l**2 - 14*l - 12. Let w be g(-11). What is the highest common divisor of 84 and w?
21
Let d = 16 - 66. Let f be ((-20)/25)/(4/d). Let z = -4 + f. What is the highest common divisor of z and 6?
6
Suppose 0 = 5*i - 80 - 20. Calculate the highest common divisor of i and 180.
20
Suppose -4*h + 28 = 3*t, 0*t + 4*h - 32 = -4*t. Let v(g) = 7*g - 6 + 2*g**3 - 5*g**2 - t + 3. Let a be v(5). Calculate the highest common factor of 17 and a.
17
Let m be (2 + -4 + -9)*-4. Let u be (9/(-6))/((-2)/m). Calculate the greatest common factor of 22 and u.
11
Let l = -8 - -26. Calculate the highest common factor of l and 162.
18
Suppose 0 = 4*c - 16 - 328. Suppose c = 4*s - 58. Calculate the highest common factor of 12 and s.
12
Let p be 1*(-11)/(33/(-120)). Calculate the greatest common factor of 100 and p.
20
Let r(n) = -2*n + 6. Let p be r(-5). What is the greatest common divisor of 64 and p?
16
Let f = 155 - 34. Calculate the highest common factor of 11 and f.
11
Let t be 2*(-3)/6 + 325. Let d = 138 - t. Let c = 340 + d. Calculate the highest common divisor of 14 and c.
14
Let w(z) = z + 8. Let b be w(-7). What is the highest common divisor of 5 and b?
1
Let w(p) = p - 3. Let m be w(7). Let i be ((-6)/4)/((-6)/128). Calculate the highest common factor of i and m.
4
Suppose -3*i = 8*i - 165. Calculate the highest common factor of 45 and i.
15
Suppose -3*f - 2*f = -150. Calculate the highest common factor of f and 12.
6
Let n be 6 - (-6 + 2 - -4). Suppose 6 + 6 = 2*s. What is the greatest common factor of s and n?
6
Let c(z) = 5*z + 1. Let i be c(3). Let g = 7 - i. Let y(n) = -14*n + 6. Let j be y(g). Calculate the highest common divisor of 12 and j.
12
Let b be (-16)/(((-4)/(-10))/(-2)). Suppose v + 3*v - 12 = 0. Suppose -60 = -2*u - m + 3*m, -v*m - 26 = -u. Calculate the greatest common factor of u and b.
16
Suppose 48 = 2*l - 4*l. Let d be 2/(l/9)*-4. Calculate the greatest common divisor of 3 and d.
3
Let i(u) be the second derivative of u**3/2 - u**2 + 3*u. Let c be i(3). Let o = c - -18. What is the greatest common divisor of 5 and o?
5
Let w = 152 - 68. Let y be (-2)/5 - (-107)/5. What is the highest common divisor of w and y?
21
Let y = -97 + 104. What is the greatest common factor of y and 7?
7
Suppose -5*g + 10 + 15 = 0. What is the highest common divisor of g and 5?
5
Let y = -502 + 684. Suppose -4*c - 4*p = -84, -4*c + 0*p + 124 = -4*p. What is the highest common factor of c and y?
26
Suppose 0*a - 15 = -a. Calculate the highest common divisor of 45 and a.
15
Suppose -4*x = -3*j + 5*j - 66, -3*x + 37 = -j. Suppose 2*p = p + 68. Suppose 2*m - l - p = 0, 45 = m + 3*l + 4. What is the highest common factor of x and m?
7
Let h be -4*(-2)/(-4)*1/(-2). Calculate the highest common diviso